 + 116. What is the remainder when d is divided by 7?
5
Let p(f) = -f**3 + 7*f**2 + 2*f + 7. What is the remainder when p(7) is divided by 11?
10
Let n(c) = -4*c - 25. Calculate the remainder when 68 is divided by n(-15).
33
Let s(l) = -11*l - 9. Calculate the remainder when s(-4) is divided by 116/10 - 4/(-10).
11
Suppose -2*b + 5*i + 61 = -0*i, 5*b - 121 = 2*i. Let a = b - 5. Suppose -3*z = -z - a. Calculate the remainder when z is divided by 5.
4
Let w(q) = q**2 + 2*q - 3. Let d be w(-3). Let f = 3 + 4. What is the remainder when 2 + d/(-3) + 17 is divided by f?
5
Let g = 10 + -6. Suppose 5*o + 25 - 106 = 4*f, 0 = g*o - 2*f - 66. Suppose b + 14 + 2 = 4*w, -3*b + o = w. Calculate the remainder when 9 is divided by w.
4
Let y = -4 + 22. Suppose g - 24 = -2*x, g = -0*g - 4*x + y. What is the remainder when g is divided by 11?
8
Let g = -81 - -167. What is the remainder when g is divided by ((-1)/2)/(2/(-88))?
20
Let p = 89 - 62. What is the remainder when p is divided by 10?
7
Let f = 8 - 4. Suppose -2*u - 5*y = 5 + 4, -3*u = -3*y - 18. Calculate the remainder when f is divided by u.
1
Let m(l) = 2*l**3 - 7*l**2 + 5*l - 3. Suppose 21 = 4*f - 7. What is the remainder when m(4) is divided by f?
5
Let u be 30/(-75)*10/(-4). What is the remainder when (70/(-20))/(u/(-4)) is divided by 6?
2
Suppose 4*r = 3*n - 15, -2*r + 10 = 2*n - 0. Suppose r = 2*f - f - 14. Suppose 36 = -4*s + 140. What is the remainder when s is divided by f?
12
Suppose -4*i + o = -95, -o - o = -4*i + 98. What is the remainder when i is divided by 6?
5
Let k be ((-4)/(-3))/((-1)/(-3)). Let l = -96 + 204. What is the remainder when 28 is divided by (5/k)/(9/l)?
13
Let t(h) = h**3 - 17*h**2 + 2*h - 4. Calculate the remainder when t(17) is divided by 9/(-6)*32/(-3).
14
Suppose 3*l - 9 = 0, -3*a + a + 30 = 4*l. Suppose 0 = 4*p + 46 - 282. Suppose p + 26 = 5*h. Calculate the remainder when h is divided by a.
8
Suppose 3*d = -d + 2*s + 16, -d - s - 2 = 0. Let p be d + 0/3 - 0. Let b(q) = 2*q**3 - 2*q**2 - 2*q + 1. What is the remainder when 14 is divided by b(p)?
4
Let b = -187 + 244. Suppose 0 = 5*a + 3*w + w - 71, -5*a - 2*w + 73 = 0. What is the remainder when b is divided by a?
12
Suppose 315 = 4*k + 3*m, 0 = 2*m + 6. What is the remainder when k is divided by 28?
25
Suppose z - 8 = 6. What is the remainder when z is divided by 5?
4
Suppose -3*h + 0*i - 5*i = 32, 2*i + 2 = 0. Let x = 22 + h. Calculate the remainder when 24 is divided by x.
11
Let m = -32 + 89. What is the remainder when m is divided by 29?
28
Let r = -44 - -64. What is the remainder when 37 is divided by r?
17
Let k(r) = r**3 - 5*r**2 - 5*r - 2. Let h be k(6). Suppose 8*w - 8 = h*w. What is the remainder when 4 is divided by w?
0
Suppose 8*m - 2*m = 186. What is the remainder when 183 is divided by m?
28
Let t = 3 + 1. Suppose -2*w + 46 = -34. Let v = w - t. What is the remainder when v is divided by 19?
17
Suppose 2*p - 17 = -0*p + 3*b, -2*b + 2 = 2*p. Let m be ((-6)/p)/((-9)/(-24)). What is the remainder when (-75)/m + (-2)/(-8) is divided by 10?
9
Suppose -4*l - 20 = 4*k, -2*l + 0*l - 10 = -k. Suppose k = -2*x + 16 + 12. What is the remainder when 39 is divided by x?
11
Let l(b) = b**2 + 5*b - 5. Calculate the remainder when l(-9) is divided by 8.
7
Let s(x) = -x**2 + 6*x - 4. Let d be s(7). Let j = 12 + d. What is the remainder when 2 is divided by j?
0
Suppose 3*r + 280 = 4*z - r, 0 = 5*z + r - 368. Calculate the remainder when z is divided by 19.
16
Let j = -48 + 52. Calculate the remainder when 10 is divided by j.
2
Let s(k) be the second derivative of k**3/3 - 5*k. Calculate the remainder when s(2) is divided by 2.
0
Suppose -102 - 67 = -4*r + 5*p, p + 43 = r. Calculate the remainder when r is divided by 24.
22
Let c = 6 + -6. Let q(n) = -6*n - 4 + c*n + 3*n. Calculate the remainder when q(-8) is divided by 7.
6
Suppose -p + 5*v - 14 = -3*p, -5*p = 2*v - 14. Calculate the remainder when (-2 - -1)*(-234)/p is divided by 30.
27
Let v(a) = -a + 8. Calculate the remainder when 9 is divided by v(3).
4
Suppose -3*c - 3 - 3 = 0, 0 = -r - c - 1. What is the remainder when 17 is divided by 1*9 - (-1 + r)?
8
Suppose 7*x - 2*x = 45. Suppose 0 = -5*d - 0*d - 205. Let c = d - -58. Calculate the remainder when c is divided by x.
8
Let t = 8 + -5. Suppose -2*y + c = -c + 22, -t*y + c - 33 = 0. Let b = y - -34. What is the remainder when b is divided by 12?
11
Let s = -18 + -6. What is the remainder when 10 is divided by (-25)/(-4) - (-6)/s?
4
What is the remainder when 245/28 - 3/4 is divided by 6?
2
Let y be (1/(-2))/(2/4). What is the remainder when (-6)/y - 2/(-2) is divided by 4?
3
Suppose 4*r - 28 = 152. What is the remainder when r is divided by 16?
13
Let z(o) = 8*o - 1. Calculate the remainder when z(6) is divided by (-15)/20 - 153/(-12).
11
Suppose -29 = -2*m + 7. Suppose 0*k = -2*k - 18. What is the remainder when m is divided by 1 + (-3 - -2)*k?
8
Let t(u) = -7*u - 1 + 14*u - 6. Suppose -3*v = -14 - 4. What is the remainder when t(v) is divided by 12?
11
Let u(l) be the first derivative of l**3/3 + l**2 - 3*l - 1. Let n(b) = 7*b**2 - b - 1. What is the remainder when u(3) is divided by n(-1)?
5
Let z(b) = 6*b - 3. Let o = -5 + 10. What is the remainder when z(2) is divided by o?
4
Let u(n) = 5*n - 1. Let b(z) = 2*z**2 - 2*z - 2. Let d be b(-3). What is the remainder when u(3) is divided by 285/55 + (-4)/d?
4
Let l(d) = d**3 - 9*d**2 - 7*d - 1. Let c(b) = -b + 2. Calculate the remainder when l(10) is divided by c(-8).
9
Let o = 17 + -9. Suppose -5*b = -10*b + 25. What is the remainder when o is divided by b?
3
Let b(q) = q**3 - q**2 + 27. Calculate the remainder when 107 is divided by b(0).
26
Let q be 8/28 - 4/14. Suppose 7 = 3*y + 22, 4*a - 91 = 3*y. What is the remainder when a is divided by (q - (2 - 1)) + 11?
9
Suppose x = 4 - 0. Suppose -20 = -4*g - 3*t + 323, t = x*g - 355. What is the remainder when g is divided by 30?
28
Let z be 64 + -3*4/6. Let h be (-2)/((-4)/z) - -2. Let t = h - 21. Calculate the remainder when t is divided by 5.
2
Let c(a) = 25*a + 4. Let u(i) = 7*i**2 + 2*i + 1. Calculate the remainder when c(1) is divided by u(-1).
5
Calculate the remainder when (-22)/77 + (-1376)/(-14) is divided by 25.
23
Let h(x) = 16*x**2 - x + 3. What is the remainder when h(-3) is divided by 38?
36
Suppose 5*u - 244 = u. What is the remainder when u is divided by 4/(-14) - (-456)/28?
13
Suppose 0*l - 26 = -z + 5*l, z - 3*l - 24 = 0. Suppose -5*q - 131 = 469. Let n = -59 - q. Calculate the remainder when n is divided by z.
19
Let p(v) = v**2 - 14*v + 10. Let r be p(9). Let x = -99 - r. Calculate the remainder when x/(-3) - 2/(-3) is divided by 8.
6
Let q = -68 - -102. Let z(h) = -h**2 + 8*h. Suppose 0 = -4*i - 3*k + 15, i = -0*i - k + 3. What is the remainder when q is divided by z(i)?
10
Let v(l) = l**3 - 9*l**2 + 3*l - 12. What is the remainder when 55 is divided by v(9)?
10
Let w(q) = q**2 + 9*q - 4*q**2 + 4*q**2. Calculate the remainder when 65 is divided by w(-11).
21
Suppose -11*n + 8*n + 45 = 0. Let z = -17 + 58. Calculate the remainder when z is divided by n.
11
Let y(g) = -g**2 + g. Let k be y(-3). Let x = 5 - k. Calculate the remainder when 33 is divided by x.
16
Let q = -15 - -24. What is the remainder when 34 is divided by q?
7
Suppose -4*t - u = -7, -4*t + 2*u + 17 = u. Calculate the remainder when 1 + 1 + (-8)/(-2) is divided by t.
0
Calculate the remainder when 2*1 + (2 - -27) is divided by 11.
9
Suppose 0 = 5*n - 23 - 52. Suppose -147*l + 130*l = -153. What is the remainder when n is divided by l?
6
Suppose -3*g + 5*x + 47 = 0, 7*g = 2*g + 3*x + 89. Let y = g + -12. Calculate the remainder when 11 is divided by y.
4
Suppose -8*g + 15 = -17. What is the remainder when 95 is divided by g?
3
Suppose -5 = -5*o - 5*x + 2*x, 0 = 4*o - 3*x - 31. Suppose 4*y - 121 + 45 = -o*h, -3*h + 99 = 5*y. What is the remainder when y is divided by 11?
10
Let l = 36 - 24. What is the remainder when 45 is divided by l?
9
Let u(q) be the first derivative of 16*q**3/3 + q**2/2 - 2. What is the remainder when 50 is divided by u(1)?
16
Suppose 3 = -5*b + 13. Suppose 47 + 35 = b*p. Calculate the remainder when p is divided by 14.
13
Let r = 84 - 71. Calculate the remainder when 50 is divided by r.
11
Suppose c -